{"id":484,"date":"2020-04-02T16:55:08","date_gmt":"2020-04-02T14:55:08","guid":{"rendered":"\/\/localhost:3000\/es_plan_climat\/?page_id=408"},"modified":"2020-04-02T16:55:08","modified_gmt":"2020-04-02T14:55:08","slug":"notre-demarche","status":"publish","type":"page","link":"https:\/\/elogie-siemp.paris\/planclimat\/notre-demarche","title":{"rendered":"Notre d\u00e9marche"},"content":{"rendered":"\n<div data-elementor-type=\"wp-page\" data-elementor-id=\"484\" class=\"elementor elementor-484\" data-elementor-settings=\"[]\">\n<div class=\"elementor-inner\">\n<div class=\"elementor-section-wrap\">\n<section class=\"elementor-section elementor-top-section elementor-element elementor-element-5345fdc9 elementor-section-full_width notre_demarche__top elementor-section-height-default elementor-section-height-default\" data-id=\"5345fdc9\" data-element_type=\"section\">\n<div class=\"elementor-container elementor-column-gap-extended\">\n<div class=\"elementor-row\">\n<div class=\"elementor-column elementor-col-66 elementor-top-column elementor-element elementor-element-6cf65e36\" data-id=\"6cf65e36\" data-element_type=\"column\" data-settings=\"{&quot;background_background&quot;:&quot;classic&quot;}\">\n<div class=\"elementor-column-wrap elementor-element-populated\">\n<div class=\"elementor-widget-wrap\">\n<div class=\"elementor-element elementor-element-519b8574 elementor-invisible elementor-widget elementor-widget-image\" data-id=\"519b8574\" data-element_type=\"widget\" data-settings=\"{&quot;_animation&quot;:&quot;none&quot;}\" data-widget_type=\"image.default\">\n<div class=\"elementor-widget-container\">\n<div class=\"elementor-image\">\n\t\t\t\t\t\t\t\t\t\t<img decoding=\"async\" src=\"https:\/\/elogie-siemp.paris\/planclimat\/wp-content\/uploads\/2020\/06\/notre_demarche__top.jpg\" title=\"\" alt=\"\" \/>\t\t\t\t\t\t\t\t\t\t\t<\/div>\n<\/p><\/div>\n<\/p><\/div>\n<\/p><\/div>\n<\/p><\/div>\n<\/p><\/div>\n<div class=\"elementor-column elementor-col-33 elementor-top-column elementor-element elementor-element-63b7ac32\" data-id=\"63b7ac32\" data-element_type=\"column\">\n<div class=\"elementor-column-wrap elementor-element-populated\">\n<div class=\"elementor-widget-wrap\">\n<div class=\"elementor-element elementor-element-1f67f9cb elementor-widget elementor-widget-heading\" data-id=\"1f67f9cb\" data-element_type=\"widget\" data-widget_type=\"heading.default\">\n<div class=\"elementor-widget-container\">\n<h2 class=\"elementor-heading-title elementor-size-default\">NOTRE D\u00c9MARCHE<\/h2>\n<\/p><\/div>\n<\/p><\/div>\n<div class=\"elementor-element elementor-element-2c9b567d elementor-widget elementor-widget-heading\" data-id=\"2c9b567d\" data-element_type=\"widget\" data-widget_type=\"heading.default\">\n<div class=\"elementor-widget-container\">\n<h3 class=\"elementor-heading-title elementor-size-default\">LE PLAN CLIMAT\nELOGIE-SIEMP<\/h3>\n<\/p><\/div>\n<\/p><\/div>\n<div class=\"elementor-element elementor-element-20af1c68 elementor-widget elementor-widget-text-editor\" data-id=\"20af1c68\" data-element_type=\"widget\" data-widget_type=\"text-editor.default\">\n<div class=\"elementor-widget-container\">\n<div class=\"elementor-text-editor elementor-clearfix\">\n<p><!-- wp:paragraph --><\/p>\n<p><b>Elogie-Siemp est fortement engag\u00e9e dans la lutte contre le r\u00e9chauffement climatique et le d\u00e9veloppement durable avec <span style=\"font-size: 1rem;\">un plan de r\u00e9habilitation du patrimoine tr\u00e8s ambitieux qui\u00a0<\/span><span style=\"font-size: 1rem;\">pr\u00e9voit que 40% du parc sera r\u00e9habilit\u00e9 d\u2019ici 2030, et une\u00a0<\/span><span style=\"font-size: 1rem;\">politique de constructions neuves tr\u00e8s performante.<\/span><\/b><\/p>\n<p>Consciente des enjeux environnementaux et de sa propre responsabilit\u00e9 en\u00a0<span style=\"font-size: 1rem;\">tant que propri\u00e9taire d\u20191,750 millions de m\u00b2, ma\u00eetre d\u2019ouvrage et bailleur social,\u00a0<\/span>E<span style=\"font-size: 1rem;\">logie-Siemp a d\u00e9cid\u00e9 d\u2019aller plus loin et d\u2019\u00e9laborer son propre Plan Climat\u00a02020-2030-2050.<\/span><\/p>\n<p>Cette strat\u00e9gie d\u2019entreprise 1,5\u00b0C s\u2019inscrit dans le cadre de l\u2019objectif de\u00a0<span style=\"font-size: 1rem;\">neutralit\u00e9 carbone et d\u2019atteinte des 100% d\u2019\u00e9nergies renouvelables en 2050,<\/span><\/p>\n<p><!-- \/wp:paragraph --><\/p>\n<\/div><\/div>\n<\/p><\/div>\n<\/p><\/div>\n<\/p><\/div>\n<\/p><\/div>\n<\/p><\/div>\n<\/p><\/div>\n<\/section>\n<section class=\"elementor-section elementor-top-section elementor-element elementor-element-42ee46d7 elementor-section-full_width notre_demarche__diagnostic elementor-section-height-default elementor-section-height-default\" data-id=\"42ee46d7\" data-element_type=\"section\">\n<div class=\"elementor-container elementor-column-gap-default\">\n<div class=\"elementor-row\">\n<div class=\"elementor-column elementor-col-100 elementor-top-column elementor-element elementor-element-31ae0ad3\" data-id=\"31ae0ad3\" data-element_type=\"column\">\n<div class=\"elementor-column-wrap elementor-element-populated\">\n<div class=\"elementor-widget-wrap\">\n<div class=\"elementor-element elementor-element-5ffc5982 elementor-widget elementor-widget-heading\" data-id=\"5ffc5982\" data-element_type=\"widget\" data-widget_type=\"heading.default\">\n<div class=\"elementor-widget-container\">\n<h2 class=\"elementor-heading-title elementor-size-default\">Pour \u00e9laborer notre plan climat...<\/h2>\n<\/p><\/div>\n<\/p><\/div>\n<div class=\"elementor-element elementor-element-7d178cfa d-none d-lg-block elementor-widget elementor-widget-image\" data-id=\"7d178cfa\" data-element_type=\"widget\" data-widget_type=\"image.default\">\n<div class=\"elementor-widget-container\">\n<div class=\"elementor-image\">\n\t\t\t\t\t\t\t\t\t\t<img decoding=\"async\" src=\"https:\/\/elogie-siemp.paris\/planclimat\/wp-content\/uploads\/2020\/06\/notre_demarche__diagnostic.svg\" title=\"\" alt=\"\" \/>\t\t\t\t\t\t\t\t\t\t\t<\/div>\n<\/p><\/div>\n<\/p><\/div>\n<div class=\"elementor-element elementor-element-59a17a5 d-block d-lg-none elementor-widget elementor-widget-image\" data-id=\"59a17a5\" data-element_type=\"widget\" data-widget_type=\"image.default\">\n<div class=\"elementor-widget-container\">\n<div class=\"elementor-image\">\n\t\t\t\t\t\t\t\t\t\t<img decoding=\"async\" src=\"https:\/\/elogie-siemp.paris\/planclimat\/wp-content\/uploads\/2020\/06\/notre_demarche__diagnostic_mobile.svg\" title=\"\" alt=\"\" \/>\t\t\t\t\t\t\t\t\t\t\t<\/div>\n<\/p><\/div>\n<\/p><\/div>\n<\/p><\/div>\n<\/p><\/div>\n<\/p><\/div>\n<\/p><\/div>\n<\/p><\/div>\n<\/section>\n<section class=\"elementor-section elementor-top-section elementor-element elementor-element-618a155a elementor-section-full_width notre_demarche__objectifs elementor-section-height-default elementor-section-height-default\" data-id=\"618a155a\" data-element_type=\"section\">\n<div class=\"elementor-container elementor-column-gap-default\">\n<div class=\"elementor-row\">\n<div class=\"elementor-column elementor-col-100 elementor-top-column elementor-element elementor-element-52caa966\" data-id=\"52caa966\" data-element_type=\"column\">\n<div class=\"elementor-column-wrap elementor-element-populated\">\n<div class=\"elementor-widget-wrap\">\n<div class=\"elementor-element elementor-element-460a7309 elementor-widget elementor-widget-image\" data-id=\"460a7309\" data-element_type=\"widget\" data-widget_type=\"image.default\">\n<div class=\"elementor-widget-container\">\n<div class=\"elementor-image\">\n\t\t\t\t\t\t\t\t\t\t<img decoding=\"async\" src=\"https:\/\/elogie-siemp.paris\/planclimat\/wp-content\/uploads\/2020\/06\/notre_demarche__objectifs.svg\" title=\"\" alt=\"\" \/>\t\t\t\t\t\t\t\t\t\t\t<\/div>\n<\/p><\/div>\n<\/p><\/div>\n<\/p><\/div>\n<\/p><\/div>\n<\/p><\/div>\n<\/p><\/div>\n<\/p><\/div>\n<\/section>\n<section class=\"elementor-section elementor-top-section elementor-element elementor-element-2a021a59 elementor-section-full_width notre_demarche__formalisation elementor-section-height-default elementor-section-height-default\" data-id=\"2a021a59\" data-element_type=\"section\">\n<div class=\"elementor-container elementor-column-gap-default\">\n<div class=\"elementor-row\">\n<div class=\"elementor-column elementor-col-100 elementor-top-column elementor-element elementor-element-2c1bca81\" data-id=\"2c1bca81\" data-element_type=\"column\">\n<div class=\"elementor-column-wrap elementor-element-populated\">\n<div class=\"elementor-widget-wrap\">\n<div class=\"elementor-element elementor-element-70a27f16 elementor-widget elementor-widget-heading\" data-id=\"70a27f16\" data-element_type=\"widget\" data-widget_type=\"heading.default\">\n<div class=\"elementor-widget-container\">\n<h2 class=\"elementor-heading-title elementor-size-default\">La formalisation de nos ambitions<\/h2>\n<\/p><\/div>\n<\/p><\/div>\n<section class=\"elementor-section elementor-inner-section elementor-element elementor-element-12283a50 elementor-section-boxed elementor-section-height-default elementor-section-height-default\" data-id=\"12283a50\" data-element_type=\"section\">\n<div class=\"elementor-container elementor-column-gap-default\">\n<div class=\"elementor-row\">\n<div class=\"elementor-column elementor-col-50 elementor-inner-column elementor-element elementor-element-40243d40\" data-id=\"40243d40\" data-element_type=\"column\">\n<div class=\"elementor-column-wrap elementor-element-populated\">\n<div class=\"elementor-widget-wrap\">\n<div class=\"elementor-element elementor-element-53a7705e elementor-widget elementor-widget-text-editor\" data-id=\"53a7705e\" data-element_type=\"widget\" data-widget_type=\"text-editor.default\">\n<div class=\"elementor-widget-container\">\n<div class=\"elementor-text-editor elementor-clearfix\">\n<p style=\"font-size: 1rem; font-weight: normal;\">Afin de faciliter la lecture de ce plan et la mobilisation\u00a0de tous, le plan d\u2019actions relatif \u00e0 chacun des Objectifs\u00a0de D\u00e9veloppement Durable a \u00e9t\u00e9 regroup\u00e9 autour de 7\u00a0ambitions majeures pour les 10 ann\u00e9es \u00e0 venir :<\/p>\n<ol style=\"margin-top: 1rem; font-size: 1rem; font-weight: normal !important;font-family: 'NunitoSans Regular'\">\n<li style=\"font-weight: normal\">Ma\u00eetriser nos consommations d\u2019\u00e9nergie<\/li>\n<li style=\"font-weight: normal\">R\u00e9duire nos \u00e9missions de gaz \u00e0 effet de serre<\/li>\n<li style=\"font-weight: normal\">\u00a0Prot\u00e9ger notre environnement<\/li>\n<li style=\"font-weight: normal\">Accompagner les mutations de la ville<\/li>\n<li style=\"font-weight: normal\">Construire une ville r\u00e9siliente<\/li>\n<li style=\"font-weight: normal\">Exp\u00e9rimenter des solutions innovantes pour atteindre nos objectifs<\/li>\n<li style=\"font-weight: normal\">D\u00e9velopper des synergies avec nos partenaires, avec les locataires et avec nos collaborateurs<\/li>\n<\/ol>\n<\/div><\/div>\n<\/p><\/div>\n<\/p><\/div>\n<\/p><\/div>\n<\/p><\/div>\n<div class=\"elementor-column elementor-col-50 elementor-inner-column elementor-element elementor-element-279dc2b7\" data-id=\"279dc2b7\" data-element_type=\"column\">\n<div class=\"elementor-column-wrap elementor-element-populated\">\n<div class=\"elementor-widget-wrap\">\n<div class=\"elementor-element elementor-element-2de4f325 elementor-widget elementor-widget-text-editor\" data-id=\"2de4f325\" data-element_type=\"widget\" data-widget_type=\"text-editor.default\">\n<div class=\"elementor-widget-container\">\n<div class=\"elementor-text-editor elementor-clearfix\">\n<p>Ces ambitions ne se limitent pas \u00e0 d\u00e9finir des objectifs pour 2030, mais ont bien pour objet de concourir \u00e0 trouver des solutions pour atteindre, en 2050, la neutralit\u00e9 carbone indispensable au ralentissement du changement climatique, ceci en veillant toujours \u00e0 int\u00e9grer l\u2019ensemble des locataires dans la d\u00e9marche.<\/p>\n<p>2030 repr\u00e9sente le premier palier qui\u00a0permettra \u00e0 Elogie-Siemp de se pr\u00e9parer \u00e0\u00a0atteindre les objectifs pour 2050.<\/p>\n<\/div><\/div>\n<\/p><\/div>\n<\/p><\/div>\n<\/p><\/div>\n<\/p><\/div>\n<\/p><\/div>\n<\/p><\/div>\n<\/section><\/div>\n<\/p><\/div>\n<\/p><\/div>\n<\/p><\/div>\n<\/p><\/div>\n<\/section>\n<section class=\"elementor-section elementor-top-section elementor-element elementor-element-3349f92b imageBg_content elementor-section-full_width elementor-section-height-default elementor-section-height-default\" data-id=\"3349f92b\" data-element_type=\"section\">\n<div class=\"elementor-container elementor-column-gap-default\">\n<div class=\"elementor-row\">\n<div class=\"elementor-column elementor-col-100 elementor-top-column elementor-element elementor-element-5637670b\" data-id=\"5637670b\" data-element_type=\"column\">\n<div class=\"elementor-column-wrap elementor-element-populated\">\n<div class=\"elementor-widget-wrap\">\n<div class=\"elementor-element elementor-element-360fb497 elementor-widget elementor-widget-image\" data-id=\"360fb497\" data-element_type=\"widget\" data-widget_type=\"image.default\">\n<div class=\"elementor-widget-container\">\n<div class=\"elementor-image\">\n\t\t\t\t\t\t\t\t\t\t<img decoding=\"async\" src=\"http:\/\/planclimat.elogie-siemp.paris\/wp-content\/uploads\/2020\/06\/notre_demarche__imageBg.jpg\" title=\"\" alt=\"\" \/>\t\t\t\t\t\t\t\t\t\t\t<\/div>\n<\/p><\/div>\n<\/p><\/div>\n<section class=\"elementor-section elementor-inner-section elementor-element elementor-element-2256100e elementor-section-full_width elementor-section-height-default elementor-section-height-default\" data-id=\"2256100e\" data-element_type=\"section\">\n<div class=\"elementor-container elementor-column-gap-default\">\n<div class=\"elementor-row\">\n<div class=\"elementor-column elementor-col-50 elementor-inner-column elementor-element elementor-element-4a0aae19\" data-id=\"4a0aae19\" data-element_type=\"column\">\n<div class=\"elementor-column-wrap elementor-element-populated\">\n<div class=\"elementor-widget-wrap\">\n<div class=\"elementor-element elementor-element-6d00f00c elementor-widget elementor-widget-heading\" data-id=\"6d00f00c\" data-element_type=\"widget\" data-widget_type=\"heading.default\">\n<div class=\"elementor-widget-container\">\n<h2 class=\"elementor-heading-title elementor-size-default\">UN PLAN CLIMAT REVU CHAQUE ANN\u00c9E<\/h2>\n<\/p><\/div>\n<\/p><\/div>\n<div class=\"elementor-element elementor-element-5a0785b3 elementor-widget elementor-widget-text-editor\" data-id=\"5a0785b3\" data-element_type=\"widget\" data-widget_type=\"text-editor.default\">\n<div class=\"elementor-widget-container\">\n<div class=\"elementor-text-editor elementor-clearfix\">\n<p style=\"font-size: 1rem;\">Elogie-Siemp a conscience que toutes les solutions pour atteindre la neutralit\u00e9 carbone en 2050 n\u2019existent pas encore et que des freins techniques, juridiques, financiers ou culturels devront \u00eatre surmont\u00e9s au cours de la p\u00e9riode. Il est donc indispensable de g\u00e9n\u00e9raliser une m\u00e9thode bas\u00e9e sur l\u2019\u00e9valuation, le partage et les retours d\u2019exp\u00e9riences, qui peut se d\u00e9cliner sur chacune des actions.<\/p>\n<ol style=\"margin-top: 2rem; font-size: 1rem;\">\n<li>Exp\u00e9rimenter des solutions \u00e0 petite \u00e9chelle<\/li>\n<li>Evaluer leur impact, formaliser et partager le retour d\u2019exp\u00e9rience<\/li>\n<li>D\u00e9velopper les solutions, peut-\u00eatre \u00e0 l\u2019identique de l\u2019exp\u00e9rimentation mais plus probablement en les adaptant, tirant ainsi parti des enseignements de l\u2019exp\u00e9rimentation.<\/li>\n<\/ol>\n<\/div><\/div>\n<\/p><\/div>\n<\/p><\/div>\n<\/p><\/div>\n<\/p><\/div>\n<div class=\"elementor-column elementor-col-50 elementor-inner-column elementor-element elementor-element-1ee13096\" data-id=\"1ee13096\" data-element_type=\"column\">\n<div class=\"elementor-column-wrap elementor-element-populated\">\n<div class=\"elementor-widget-wrap\">\n<div class=\"elementor-element elementor-element-13403bf4 elementor-widget elementor-widget-text-editor\" data-id=\"13403bf4\" data-element_type=\"widget\" data-widget_type=\"text-editor.default\">\n<div class=\"elementor-widget-container\">\n<div class=\"elementor-text-editor elementor-clearfix\">\n<p>Cette m\u00e9thode n\u2019exclut pas que des erreurs puissent \u00eatre commises. Elogie-Siemp aura le devoir de les identifier rapidement pour mettre en place des actions correctives.<br \/>La construction des indicateurs de suivi du Plan d\u2019Action devra \u00e9galement \u00eatre reconsid\u00e9r\u00e9e \u00e0 intervalles r\u00e9guliers. En effet, si certains objectifs tr\u00e8s techniques sont ais\u00e9s \u00e0 mesurer, d\u2019autres sont plus difficiles \u00e0 suivre, et il est possible que le choix du mode de mesure comporte des biais impossibles \u00e0 identifier aujourd\u2019hui. Enfin, d\u2019autres objectifs n\u00e9cessitent que soit \u00e9labor\u00e9 au pr\u00e9alable un r\u00e9f\u00e9rentiel qui b\u00e9n\u00e9ficie d\u2019un consensus scientifique tenant compte de la disponibilit\u00e9 des donn\u00e9es (par exemple comment mesurer la biodiversit\u00e9 en ville ? quels polluant mesurer, avec quels seuils et quelle additivit\u00e9 ?).<br \/>Ce sont les raisons pour lesquelles le Plan Climat devra \u00eatre revu chaque ann\u00e9e. Ce sera l\u2019occasion d\u2019\u00e9valuer l\u2019avancement sur chacun des objectifs, d\u2019adapter ces objectifs si cela s\u2019av\u00e8re n\u00e9cessaire et d\u2019am\u00e9liorer les indicateurs de suivi. C\u2019est la garantie d\u2019un Plan Climat vivant que les partenaires d\u2019aujourd\u2019hui et de demain pourront s\u2019approprier et devront mettre en oeuvre au quotidien.<\/p>\n<\/div><\/div>\n<\/p><\/div>\n<\/p><\/div>\n<\/p><\/div>\n<\/p><\/div>\n<\/p><\/div>\n<\/p><\/div>\n<\/section><\/div>\n<\/p><\/div>\n<\/p><\/div>\n<\/p><\/div>\n<\/p><\/div>\n<\/section><\/div>\n<\/p><\/div>\n<\/p><\/div>\n","protected":false},"excerpt":{"rendered":"<p>NOTRE D\u00c9MARCHE LE PLAN CLIMAT ELOGIE-SIEMP Elogie-Siemp est fortement engag\u00e9e dans la lutte contre le r\u00e9chauffement climatique et le d\u00e9veloppement durable avec un plan de r\u00e9habilitation du patrimoine tr\u00e8s ambitieux qui\u00a0pr\u00e9voit que 40% du parc sera r\u00e9habilit\u00e9 d\u2019ici 2030, et une\u00a0politique de constructions neuves tr\u00e8s performante. Consciente des enjeux environnementaux et de sa propre responsabilit\u00e9 [&#8230;]<\/p>\n<p><a class=\"btn btn-secondary understrap-read-more-link\" href=\"https:\/\/elogie-siemp.paris\/planclimat\/notre-demarche\">Lire la suite&#8230;<\/a><\/p>\n","protected":false},"author":1,"featured_media":0,"parent":0,"menu_order":2,"comment_status":"closed","ping_status":"closed","template":"","meta":{"_acf_changed":false,"footnotes":""},"class_list":["post-484","page","type-page","status-publish","hentry"],"acf":[],"_links":{"self":[{"href":"https:\/\/elogie-siemp.paris\/planclimat\/wp-json\/wp\/v2\/pages\/484","targetHints":{"allow":["GET"]}}],"collection":[{"href":"https:\/\/elogie-siemp.paris\/planclimat\/wp-json\/wp\/v2\/pages"}],"about":[{"href":"https:\/\/elogie-siemp.paris\/planclimat\/wp-json\/wp\/v2\/types\/page"}],"author":[{"embeddable":true,"href":"https:\/\/elogie-siemp.paris\/planclimat\/wp-json\/wp\/v2\/users\/1"}],"replies":[{"embeddable":true,"href":"https:\/\/elogie-siemp.paris\/planclimat\/wp-json\/wp\/v2\/comments?post=484"}],"version-history":[{"count":0,"href":"https:\/\/elogie-siemp.paris\/planclimat\/wp-json\/wp\/v2\/pages\/484\/revisions"}],"wp:attachment":[{"href":"https:\/\/elogie-siemp.paris\/planclimat\/wp-json\/wp\/v2\/media?parent=484"}],"curies":[{"name":"wp","href":"https:\/\/api.w.org\/{rel}","templated":true}]}}